8)/(-2). Let d = 117 - s. What are the prime factors of d?
83
Let k(s) = -32*s + 97. What are the prime factors of k(-27)?
31
Suppose -10*f = -5089 + 339. What are the prime factors of f?
5, 19
What are the prime factors of (-30)/(-4)*(-1768)/(-26)?
2, 3, 5, 17
Let w(j) = -j**3 - 10*j**2 - j + 24. Let i = -31 + 21. List the prime factors of w(i).
2, 17
Let d = -29 + 23. Let p(t) = t**3 + 5*t**2 - 12*t + 1. List the prime factors of p(d).
37
Let p(s) = 55*s - 7. Let f be p(-7). Let c = f + 568. List the prime factors of c.
2, 11
Suppose 4*x + 30 = -70. Let w = 47 + x. Suppose -o = -w - 1. What are the prime factors of o?
23
Let f be (-1 + 0)/((-4)/8). Suppose 0*q + 488 = f*q. List the prime factors of q.
2, 61
Suppose -4*f - 3*h = -8, -4*f + 5 = -2*h - 23. Suppose f*z + 18 - 73 = 0. Let i = 6 + z. What are the prime factors of i?
17
Let d(k) be the second derivative of -k**4/12 - 5*k**3/6 + 3*k**2 - 6*k. Let r be d(-9). List the prime factors of (-251)/(-11) - r/165.
23
Suppose 5*y = -r + 1034, 5214 = -0*r + 5*r + 3*y. List the prime factors of r.
2, 3, 29
List the prime factors of 270*2/((-80)/(-24)).
2, 3
Let b(u) = u**3 + 18*u**2 - 5*u - 31. Let v be b(-18). Let c = -23 + v. List the prime factors of c.
2, 3
Let k(n) = 12*n**2 - 4*n - 14. What are the prime factors of k(-4)?
2, 97
Let r = -898 - -1114. List the prime factors of r.
2, 3
Let x be 2/8 - 2193/(-12). Suppose -5*h = -x - 207. Suppose 3*r + 4*c + 27 = h, 2*c = r - 27. List the prime factors of r.
3, 7
Suppose -p = -992 + 368. List the prime factors of p.
2, 3, 13
Let k(a) = 418*a + 111. What are the prime factors of k(4)?
1783
Suppose -35 = 10*p - 3*p. List the prime factors of 0 + 5 + 53 - p.
3, 7
Let y(o) = -o + 1 - 3 + 19*o**3 + 4 - 1. Let c be y(2). Suppose -3*p + 7*w = 2*w - 105, -c = -4*p + 3*w. List the prime factors of p.
2, 5
Suppose 2*i + 2*i - 80 = 0. Let g = -17 + i. Suppose s + s + 218 = 5*o, -g*s = 12. List the prime factors of o.
2, 3, 7
Let k(w) = 5*w**2 - 13*w - 15. What are the prime factors of k(-8)?
409
Suppose 2*o + 4*k = 1498, 2*k - 90 = -3*o + 2165. What are the prime factors of o?
3, 251
Suppose 0 = 2*k - g - 967, -2*k = -4*k - 2*g + 970. Let m = k + -341. List the prime factors of m.
11, 13
Let j = 31 + 102. Let g = -231 + 143. Let u = j + g. What are the prime factors of u?
3, 5
Let x be (-2)/(-10) + 76972/140. What are the prime factors of (x/(-15) - 0)*-6?
2, 5, 11
Let m = 3092 - 1267. List the prime factors of m.
5, 73
Let x be 1*-1 - 45/(-5). Suppose x*a - 5*a - 108 = 0. List the prime factors of (-9)/a + (-29)/(-4).
7
Let c = 51 - 101. Let r = 153 + c. List the prime factors of r.
103
Let i = 350 + -147. Suppose 6*n - 265 = i. Let v = n + -54. What are the prime factors of v?
2, 3
Suppose 15 = 12*l - 33. Suppose -3*k = -11 + 5, l*k - 1193 = -5*q. What are the prime factors of q?
3, 79
Let r(m) = m**2 - 8*m - 6. Let i be r(9). Suppose 0 = -2*n + 4, -4*q + 4*n + 23 = i. Suppose -489 = -q*j - 76. What are the prime factors of j?
59
Let g(f) = 1890*f**2 - 2*f - 2. List the prime factors of g(1).
2, 23, 41
Let u = -36 + 498. What are the prime factors of u?
2, 3, 7, 11
Let m = 5036 - 2820. What are the prime factors of m?
2, 277
Let y(k) = 8*k + 4*k + 3*k + 9*k + k**2 + 5. List the prime factors of y(-29).
2, 3, 5
Let g be ((-9)/6)/(2/(-16)). Suppose -a + u = g, -6*a = -2*a + 2*u + 36. List the prime factors of (a - -5)/(1*-1).
5
What are the prime factors of (15/(-2))/((-5)/10)?
3, 5
Suppose -2*n = -4*z - 32, -2*n + 25 = z + 2*z. Suppose -13*y = -n*y + 47. List the prime factors of y.
47
Suppose -5 = -t - 2. Suppose -3*a - 5*l + 16 = -22, 5*a = 2*l + 22. Suppose -5*s - 68 = -a*f + t*f, 2*s = f - 24. What are the prime factors of f?
2
Let b = 194 + -109. Suppose 0 = 4*d + 39 + b. Let u = d - -77. List the prime factors of u.
2, 23
List the prime factors of 2/(-5) - (-5 + (-47763)/45).
2, 13, 41
List the prime factors of ((-6548)/(-24))/(5/30).
1637
Let m(j) = 165*j**2 + 3*j - 44. What are the prime factors of m(5)?
2
Let f = 16 + -13. Suppose z - 8 = -f. Suppose -a = z*g - 133, g = 3*a + 5 + 12. What are the prime factors of g?
2, 13
Let q(s) = -s**3 - 13*s**2 + 10*s - 1. Let x be q(-15). Suppose 0 = 4*k - x - 233. What are the prime factors of k?
7, 19
Suppose -3*q + 3168 = 978. Suppose 5*c - 5*n = q, 2*c + 4*n - 294 = 7*n. What are the prime factors of c?
2, 3
Let x(q) = -2*q - 6. Let t be x(-5). Suppose 0 = g + 3*w - 259, -3*g + t*w - 342 + 1080 = 0. List the prime factors of g.
2, 5
Suppose -k = 4*k. Suppose k = -5*r + 8*r - 21. Let v(c) = c**3 - 7*c**2 + 5*c + 4. What are the prime factors of v(r)?
3, 13
Suppose -5*s + 15775 = 3*t + 2656, 0 = t - 3. List the prime factors of s.
2, 3, 19, 23
Let t = 163 - 83. Let o be (t/6)/((-11)/(-33)). Suppose -o = -5*x + 3*x. What are the prime factors of x?
2, 5
Let y(t) = -6*t**2 - 167*t + 16. List the prime factors of y(-11).
7, 23
Suppose -8*o = -13*o + 9485. What are the prime factors of o?
7, 271
Suppose 4*o - 619 - 751 = -2*u, -3*o - 2*u + 1029 = 0. What are the prime factors of o?
11, 31
Let g = -34 - -25. Let a(j) = -1 - j - 10*j - j**2 + 0*j**2. What are the prime factors of a(g)?
17
Suppose 4*u = -3*r + 293 + 217, r - 170 = -3*u. List the prime factors of r.
2, 5, 17
Suppose -3*g = -2*d - 3386, 104*g - 100*g + 5*d = 4553. What are the prime factors of g?
2, 283
Suppose 0 = -12*r + 18298 + 8582. What are the prime factors of r?
2, 5, 7
Suppose 224 = -a + 2*r + r, -a = -2*r + 224. Let t = -152 - a. What are the prime factors of t?
2, 3
What are the prime factors of (1*-6 - (21 - 36))*399?
3, 7, 19
Let v = -4 - -8. Let s be -4*v/(4*-2). Suppose 5 = s*g - 3. List the prime factors of g.
2
List the prime factors of 4/(-6) + 14944/24.
2, 311
Suppose 11*w - 574 - 229 = 0. List the prime factors of w.
73
What are the prime factors of 2 + 136/(-56) + 6166/14?
2, 5, 11
Suppose 5*i - 9 = 4*c, 8 = -i - 5*c + 33. Suppose i*z - 4*z = 5. What are the prime factors of z?
5
Suppose -2*t - 117 + 651 = 0. List the prime factors of t.
3, 89
Let d = 20 + -20. Let s be (4 + 4)*(d + 2). List the prime factors of (3 - 3) + s/2.
2
Suppose 9*n = 4*n + 4*m + 5354, 4292 = 4*n - m. What are the prime factors of n?
2, 3, 179
Suppose 4*p - 14 = o - 3*o, -2*p + 6 = 2*o. Suppose -8*m + p*m = -2*r - 328, -m + 73 = 4*r. List the prime factors of 1/(3*1/m).
3
Let l = -70 + 78. Suppose -2*n = 4*q - 572, -3*n = -3*q - l*n + 429. List the prime factors of q.
11, 13
Suppose 5*j + 20 = j. Let d = -5 - j. Suppose o - 9 = -d*o. What are the prime factors of o?
3
Let g be (-14)/(-105) - 4508/60. Let k = 169 + g. List the prime factors of k.
2, 47
Suppose -76 = -4*u - 0*u. Suppose 4*i - u - 1121 = 0. List the prime factors of i.
3, 5, 19
Suppose -u + 88 = -83. Let m = -62 + u. What are the prime factors of m?
109
Suppose -70 = -10*s + 100. Suppose -7*k + 584 = s. List the prime factors of k.
3
Let k = 31 + -35. List the prime factors of 5*-25*k/10.
2, 5
Suppose -7*c = -4*c - 4*r - 2269, 0 = -c + 5*r + 749. What are the prime factors of c?
3, 11, 23
Suppose 22*m + 573 = 6799. List the prime factors of m.
283
Suppose 5*y - 12410 = -3*c, 4*c - 10721 = -4*y - 785. What are the prime factors of y?
37, 67
List the prime factors of 4*28 + -1 + (-55)/(-11).
2, 29
Let x = -32 - 9. Let n = x - -72. List the prime factors of n.
31
Suppose 37*s = 19353 + 1737. List the prime factors of s.
2, 3, 5, 19
Suppose 443*g = 431*g + 31788. What are the prime factors of g?
3, 883
List the prime factors of (-1174 - -1)/(198/(-264)).
2, 17, 23
Let h(s) = -95*s + 17. List the prime factors of h(-4).
397
Suppose -5*q + 7 = -3*c - 46, 0 = -4*c + q - 48. Let o = 10 - 12. Let t = o - c. What are the prime factors of t?
3
Let k = 3861 + -2132. What are the prime factors of k?
7, 13, 19
Let j(p) = -9*p + 4. Let a be j(-3). Let v be a - 0 - (-2 - 0). List the prime factors of 24/9*v/4.
2, 11
Let w be (-9 + 0)*2/(-6). Suppose -z - 42 = -d, 2*d + 66 = w*d + 5*z. What are the prime factors of d?
2, 23
Let q(y) = y**2 - 22*y - 184. List the prime factors of q(-25).
991
Let l = -75 + 59. Let p(k) = -13*k - 4. What are the prime factors of p(l)?
2, 3, 17
Let n(x) = 56*x**2 + 19*x - 20. What are the prime factors of n(4)?
2, 7, 17
Let u = 1538 + -1291. What are the prime factors of